{"id":64,"date":"2016-10-20T18:12:13","date_gmt":"2016-10-20T17:12:13","guid":{"rendered":"http:\/\/contesdechorig.fr\/?page_id=64"},"modified":"2023-06-02T10:17:56","modified_gmt":"2023-06-02T09:17:56","slug":"videos","status":"publish","type":"page","link":"http:\/\/contesdechorig.fr\/index.php\/videos\/","title":{"rendered":"Vid\u00e9os"},"content":{"rendered":"\n<figure class=\"wp-block-video\"><video controls src=\"http:\/\/contesdechorig.fr\/wp-content\/uploads\/2023\/06\/IMG_41381.mov\"><\/video><\/figure>\n\n\n\n<figure class=\"wp-block-video\"><video controls src=\"http:\/\/contesdechorig.fr\/wp-content\/uploads\/2023\/06\/IMG_4153.mov\"><\/video><\/figure>\n\n\n\n<figure class=\"wp-block-video\"><video controls src=\"http:\/\/contesdechorig.fr\/wp-content\/uploads\/2023\/06\/IMG_41331.mov\"><\/video><\/figure>\n\n\n\n<figure class=\"wp-block-video\"><video controls src=\"http:\/\/contesdechorig.fr\/wp-content\/uploads\/2023\/06\/IMG_41551.mov\"><\/video><\/figure>\n\n\n<p><iframe title=\"La campagne d&#039;Arm\u00e9nie - Daniel Varoujan\" width=\"714\" height=\"402\" src=\"https:\/\/www.youtube.com\/embed\/4XfdXDjldmc?feature=oembed\" frameborder=\"0\" allow=\"accelerometer; autoplay; clipboard-write; encrypted-media; gyroscope; picture-in-picture; web-share\" referrerpolicy=\"strict-origin-when-cross-origin\" allowfullscreen><\/iframe><\/p>\n<p><iframe title=\"La Goutte de Miel version par Chorig Y\u00e9r\u00e9mian\" width=\"714\" height=\"402\" src=\"https:\/\/www.youtube.com\/embed\/NuRastgW5Y0?feature=oembed\" frameborder=\"0\" allow=\"accelerometer; autoplay; clipboard-write; encrypted-media; gyroscope; picture-in-picture; web-share\" referrerpolicy=\"strict-origin-when-cross-origin\" allowfullscreen><\/iframe><\/p>\n<p><iframe title=\"Le P\u00eacheur arm\u00e9nien de Sevan par Chorig Y\u00e9r\u00e9mian\" width=\"714\" height=\"402\" src=\"https:\/\/www.youtube.com\/embed\/mEeRoVLQy7E?feature=oembed\" frameborder=\"0\" allow=\"accelerometer; autoplay; clipboard-write; encrypted-media; gyroscope; picture-in-picture; web-share\" referrerpolicy=\"strict-origin-when-cross-origin\" allowfullscreen><\/iframe><\/p>\n<p>La Sorci\u00e8re Babayaga un conte russe par Chorig Y\u00e9ramian,film\u00e9 par les \u00e9l\u00e8ves de l&rsquo;\u00e9cole de la Roche-de-Rame en 1999<\/p>\n<p><iframe title=\"La Sorci\u00e8re Babayaga un conte par Chorig Y\u00e9ramian\" width=\"714\" height=\"536\" src=\"https:\/\/www.youtube.com\/embed\/1FOhtwMp05U?feature=oembed\" frameborder=\"0\" allow=\"accelerometer; autoplay; clipboard-write; encrypted-media; gyroscope; picture-in-picture; web-share\" referrerpolicy=\"strict-origin-when-cross-origin\" allowfullscreen><\/iframe><\/p>\n<p><strong>\u00ab\u00a0Menk\u00a0\u00bb, \u00ab\u00a0Nous les Arm\u00e9niens\u00a0\u00bb de Jacques Hagopian<br>\n<\/strong><\/p>\n<p><iframe title=\"&quot;Menk&quot;, Nous les Arm\u00e9niens de Jacques Hagopian\" width=\"714\" height=\"402\" src=\"https:\/\/www.youtube.com\/embed\/h0XtOYDhtZc?start=101&#038;feature=oembed\" frameborder=\"0\" allow=\"accelerometer; autoplay; clipboard-write; encrypted-media; gyroscope; picture-in-picture; web-share\" referrerpolicy=\"strict-origin-when-cross-origin\" allowfullscreen><\/iframe><\/p>\n<hr>\n<p><strong>Extrait du conte du <em>Navet G\u00e9ant<\/em> \u00e0 Saint-Martin-d&rsquo;H\u00e8res le 18 janvier 2020<\/strong><\/p>\n<div style=\"width: 714px;\" class=\"wp-video\"><!--[if lt IE 9]><script>document.createElement('video');<\/script><![endif]-->\n<video class=\"wp-video-shortcode\" id=\"video-64-1\" width=\"714\" height=\"1269\" preload=\"metadata\" controls=\"controls\"><source type=\"video\/mp4\" src=\"http:\/\/contesdechorig.fr\/wp-content\/uploads\/2016\/10\/VID_20200118_155444.mp4?_=1\" \/><a href=\"http:\/\/contesdechorig.fr\/wp-content\/uploads\/2016\/10\/VID_20200118_155444.mp4\">http:\/\/contesdechorig.fr\/wp-content\/uploads\/2016\/10\/VID_20200118_155444.mp4<\/a><\/video><\/div>\n<p><strong>Hekiat Hekiat en Arm\u00e9nie<\/strong><\/p>\n<p><iframe src=\"https:\/\/www.youtube.com\/embed\/9tX2vVNeCvc\" allowfullscreen=\"allowfullscreen\" width=\"560\" height=\"315\" frameborder=\"0\"><\/iframe><\/p>\n<p><iframe src=\"https:\/\/www.youtube.com\/embed\/ha2tgB8UrFA\" allowfullscreen=\"allowfullscreen\" width=\"560\" height=\"315\" frameborder=\"0\"><\/iframe><\/p>\n<p>Po\u00e9sie <em>Nous Irons<\/em> de Jacques Hagopian sur le 24 avril 1915<\/p>\n<p><em><strong>Spectacle de contes de No\u00ebl<\/strong><\/em><\/p>\n<p><iframe src=\"https:\/\/www.youtube.com\/embed\/MxMtYpoYzuw\" allowfullscreen=\"allowfullscreen\" width=\"750\" height=\"500\" frameborder=\"0\"><\/iframe><\/p>","protected":false},"excerpt":{"rendered":"<p>La Sorci\u00e8re Babayaga un conte russe par Chorig Y\u00e9ramian,film\u00e9 par les \u00e9l\u00e8ves de l&rsquo;\u00e9cole de la Roche-de-Rame en 1999 \u00ab\u00a0Menk\u00a0\u00bb, \u00ab\u00a0Nous les Arm\u00e9niens\u00a0\u00bb de Jacques Hagopian Extrait du conte du Navet G\u00e9ant \u00e0 Saint-Martin-d&rsquo;H\u00e8res le 18 janvier 2020 Hekiat Hekiat en Arm\u00e9nie Po\u00e9sie Nous Irons de Jacques Hagopian sur le 24 avril 1915 Spectacle de [&hellip;]<\/p>\n","protected":false},"author":1,"featured_media":0,"parent":0,"menu_order":0,"comment_status":"closed","ping_status":"closed","template":"","meta":[],"_links":{"self":[{"href":"http:\/\/contesdechorig.fr\/index.php\/wp-json\/wp\/v2\/pages\/64"}],"collection":[{"href":"http:\/\/contesdechorig.fr\/index.php\/wp-json\/wp\/v2\/pages"}],"about":[{"href":"http:\/\/contesdechorig.fr\/index.php\/wp-json\/wp\/v2\/types\/page"}],"author":[{"embeddable":true,"href":"http:\/\/contesdechorig.fr\/index.php\/wp-json\/wp\/v2\/users\/1"}],"replies":[{"embeddable":true,"href":"http:\/\/contesdechorig.fr\/index.php\/wp-json\/wp\/v2\/comments?post=64"}],"version-history":[{"count":14,"href":"http:\/\/contesdechorig.fr\/index.php\/wp-json\/wp\/v2\/pages\/64\/revisions"}],"predecessor-version":[{"id":1066,"href":"http:\/\/contesdechorig.fr\/index.php\/wp-json\/wp\/v2\/pages\/64\/revisions\/1066"}],"wp:attachment":[{"href":"http:\/\/contesdechorig.fr\/index.php\/wp-json\/wp\/v2\/media?parent=64"}],"curies":[{"name":"wp","href":"https:\/\/api.w.org\/{rel}","templated":true}]}}