{"id":588,"date":"2020-02-20T12:29:28","date_gmt":"2020-02-20T11:29:28","guid":{"rendered":"http:\/\/contesdechorig.fr\/?page_id=588"},"modified":"2024-08-16T19:34:20","modified_gmt":"2024-08-16T18:34:20","slug":"livre-dor","status":"publish","type":"page","link":"http:\/\/contesdechorig.fr\/index.php\/livre-dor\/","title":{"rendered":"Livre d&rsquo;or"},"content":{"rendered":"<p><!--StartFragment--><\/p>\n\n\n<p><\/p>\n\n\n\n<p>Coucou mon amie l&rsquo;artiste!<\/p>\n\n\n\n<p>Toutes mes f\u00e9licitations pour cette \u00e9dition.<\/p>\n\n\n\n<p>Ton nom sera \u00e0 jamais grav\u00e9 dans nos m\u00e9moires.<\/p>\n\n\n\n<p>j&rsquo;ai commenc\u00e9 le premier conte qui est tr\u00e8s actuel avec le covid 19.<\/p>\n\n\n\n<p>Odile, le 9 Mai 2022&Prime;<\/p>\n\n\n\n<p><\/p>\n\n\n\n<p>1- Spectacle \u00ab Le Voyage de Mr CHENAVARD, Architecte lyonnais \u00bb<br>Aux Archives Municipales de Lyon (3 journ\u00e9es de spectacle)<br>\u00ab Nous avons voyag\u00e9 avec vous dans les pays visit\u00e9s par Mr Chenavard, l\u2019architecte. Nous vous souhaitons une belle carri\u00e8re de conteuse. \u00bb<br>Violette MELKONIAN, 28 D\u00e9cembre 2006<br><br>\u00ab Madame Chorig nous a tenu sous le charme \u00bb<br>Monsieur Charles SADOYAN, 28 D\u00e9cembre 2006<br><br>2- Dans le cadre de l\u2019Ann\u00e9e de l\u2019Arm\u00e9nie \u00e0 Cluny \u00ab Ciel d\u2019Arm\u00e9nie \u00bb<br>Organis\u00e9 par l\u2019association \u00ab Cluny Chemins d\u2019Europe, le 21 Septembre 2006<br>\u00ab Chorig est une conteuse tr\u00e8s prenante et passionnante. Sa voix chaude nous enveloppe et nous transporte hors de notre vie quotidienne.<br>J\u2019ai vraiment \u00e9t\u00e9 ravie, Merci \u00bb Jo\u00eblle<br><br>\u00ab C\u2019est avec beaucoup de plaisir que nous nous sommes \u00e9vad\u00e9s le temps d\u2019une soir\u00e9e \u00bb<br>Georgette SAYABEDIAN<br><br>\u00ab Merci de faire conna\u00eetre les contes arm\u00e9niens au grand public \u00bb<br>Av\u00e9diss ANDONIAN, 21 Sept 2006<br><br>\u00ab En retour au pays avec gr\u00e2ce et une petite larme au moment du po\u00e8me \u00bb<br>Merci M. KEVONIAN<br><br>\u00ab Chorig dans le patio de l\u2019Europe, l\u2019Arm\u00e9nie se retrouvait europ\u00e9enne et la tenue de Chorig dans ce cadre nous ramenait \u00e0 une belle \u00e9poque du pass\u00e9 \u00bb<br>Merci<br><br>\u00ab Merci pour la fra\u00eecheur des r\u00e9cits et de la conteuse \u00bb<br><br>3- Pour la Journ\u00e9e de la Femme le 8 Mars 2007 \u00e0 l\u2019Agef, Montreynaud<br>A Saint-Etienne<br>\u00ab Merci de nous avoir fait voyager en Arm\u00e9nie \u00bb<br>les animateurs de l\u2019AGEF, Montreynaud \u00e0 Saint-Etienne, dans le cadre de la journ\u00e9e de la femme le 8 Mars 2007<br><br>4- Spectacle : \u00ab Contes d\u2019Amour et de Gourmandise \u00bb pour le mariage de Cl\u00e9mence et Corentin MONOT, le 30 Ao\u00fbt 2008<br>\u00ab Merci Chorig pour ces tendres et \u00e9ducatifs contes pour enfants et merci aussi pour le conte d\u2019Amour pour les mari\u00e9s. Nous avons voyag\u00e9 et effleur\u00e9 une autre culture.<br>Continue de nous enchanter \u00bb Florence<br><br>\u00ab Merci Chorig pour ce moment de philosophie \u00bb<br>Catherine GARABEDIAN<br>\u00ab Merci Chorig pour ces contes merveilleux ; c\u2019est tr\u00e8s beau de pouvoir d\u00e9couvrir que l\u2019amour et son th\u00e8me universel \u00e0 travers l\u2019Arm\u00e9nie et sa richesse. Merci d\u2019enchanter les grands et les petits avec votre talent envo\u00fbtant.<br>Cl\u00e9mence et Corentin MONOT<br><br>5-Spectacle \u00ab le Train Magique \u00bb avec Chorig YERAMIAN, Conteuse, Mariam MANOUKIAN, danseuse et la Compagnie Sirarpi de Lyon le<br>7 Janvier 2009 \u00e0 l\u2019\u00e9cole Markarian-Papazian de Lyon :<br><br>\u00ab Merci Chorig, les \u00e9l\u00e8ves de Markarian-Papazian ont \u00e9t\u00e9 ravis du spectacle. Bonne Continuation \u00bb Isabelle, pr\u00e9sidente de l\u2019Ape<br><br>\u00ab J\u2019ai pass\u00e9 une apr\u00e8s-midi formidable : joie des enfants\u2026et des grands !!! Beau d\u00e9but d\u2019ann\u00e9e. Merci beaucoup \u00bb<br>Anne-Marie de l\u2019Apecle<br><br>\u00ab En ce mercredi 7 Janvier 2009, tu nous a donn\u00e9 un moment intense de bonheur, surtout aux 205 enfants de l\u2019Ecole Markarian-Papazian.<br>Bravo et Bonne chance \u00bb<br>Arthur DERDERIAN, pr\u00e9sidente de l\u2019APECLE de Lyon<\/p>\n\n\n\n<p>6-Le Mardi 26 MAI 2009 \u00e0 20h<br>\u00ab C\u00e9l\u00e9bration du Printemps \u00bb organis\u00e9e par \u00ab Lire \u00e0 Saint-Etienne \u00bb,\u00ab Espace culturel Arm\u00e9nien \u00bb,\u00ab Numidya \u00bb et \u00ab l\u2019Ifpa \u00bb<br>Nous \u00e9tions plusieurs \u00e0 participer de plusieurs communaut\u00e9s.<br>Moi, j\u2019ai racont\u00e9 \u00ab le Rosier Anahakan \u00bb<br>\u00ab Vous \u00e9tiez la meilleure de la Soir\u00e9e, je voudrais vos coordonn\u00e9es, vous regardiez le public, vous \u00e9tiez tr\u00e8s attentif \u00e0 tout le monde..J\u2019ai ador\u00e9 votre histoire de rosier \u00bb m\u2019a dis un professeur de Musique.<br><br>7-le 4 Juillet 2009 :<br>Au cours de la Ballade Cont\u00e9e, un homme se met \u00e0 me filmer..<br>Cet homme me dit qu\u2019il a beaucoup aim\u00e9 mon histoire qu\u2019il a respir\u00e9 mon histoire \u00e0 plein poumon\u2026<br>Il me dit que je suis dou\u00e9e, que je devrais partir \u00e0 Paris pour y percer dans ce m\u00e9tier.<br>Ce randonneur m\u2019a dit que je suis dou\u00e9e, que je devrais suivre le chemin pour atteindre mon but c&rsquo;est-\u00e0-dire de vivre de mon m\u00e9tier de conteur\u2026<br>Il m\u2019a dis qu\u2019il \u00e9tait auvergnat et que maintenant il habitait \u00e0 Paris<br>Il m\u2019a conseill\u00e9 d\u2019aller dans les grandes villes pour me faire connaitre.<br><\/p>\n\n\n\n<p><\/p>\n\n\n\n<p>\u00ab&nbsp;Merci \u00e0 toi Chorig de nous avoir fait passer, petits et grands, un agr\u00e9able moment de joie et de bonne humeur. <\/p>\n\n\n\n<p>Je me suis rem\u00e9mor\u00e9 les comptines arm\u00e9niennes qui nous ont fait revivre des moments oubli\u00e9s de notre enfance. Merci pour cette promenade historique, artistique et litt\u00e9raire&nbsp;\u00bb <\/p>\n\n\n\n<p><strong>Antoine Bedrossian de Grenoble<\/strong><\/p>\n\n\n\n<p><strong>Le 11\/02\/2020<\/strong><\/p>\n\n\n\n<p><em>\u00ab\u00a0La\nconteuse Chorig Yeramian est intervenue sur la r\u00e9serve naturelle de Biterne\n(Arthun) au cours des automnes 2017 et 2018, \u00e0 chaque fois devant une trentaine\nde personnes. Autour d&rsquo;une histoire (Popo le crapaud) sp\u00e9cialement cr\u00e9\u00e9e pour\nl&rsquo;occasion et destin\u00e9e au public familial, Chorig d\u00e9buta son conte au\ncr\u00e9puscule au bord des \u00e9tangs pour le poursuivre \u00e0 l&rsquo;int\u00e9rieur de la Maison des\n\u00e9tangs du Forez dans une ambiance tamis\u00e9e au coin du feu. Apr\u00e8s un voyage d&rsquo;une\nheure, m\u00ealant animaux et sites historiques du Forez, le public, enfants comme adultes,\n\u00e9tait conquis et n&rsquo;h\u00e9sita pas \u00e0 f\u00e9liciter Chorig.<\/em><\/p>\n\n\n\n<p><em>Nous avons\ndonc \u00e9t\u00e9 pleinement satisfait de travailler avec cette conteuse et ne pouvons\nque vous la conseiller.\u00a0\u00bb<\/em><\/p>\n\n\n\n<p><strong>Pierric THOUILLEUX<\/strong><\/p>\n\n\n\n<p><strong>F\u00e9d\u00e9ration D\u00e9partementale des Chasseurs de la Loire<\/strong><\/p>\n\n\n\n<p><strong>Le 19\/02\/2020<\/strong><\/p>\n\n\n\n<p>\u00ab&nbsp;Exceptionnel&nbsp;!<\/p>\n\n\n\n<p>La beaut\u00e9 du conte, vos visages ensoleill\u00e9s, la voix de Chorig\u2026tout est r\u00e9uni pour l\u2019enchantement.<\/p>\n\n\n\n<p>Merci Mille fois.&nbsp;\u00bb<\/p>\n\n\n\n<p>Rolland<\/p>\n\n\n\n<p>Le samedi 8 Juin 2024<\/p>\n\n\n\n<p>Dans le livre d\u2019Or du Festival de contes bibliques 2024<\/p>\n\n\n\n<p><\/p>\n\n\n\n<p><\/p>\n\n\n\n<p>\u00ab\u00a0Moment magique au cr\u00e9puscule, accompagn\u00e9e de ma petite-fille , habitante du village. Nous avons savour\u00e9 les talents de CHORIG. Par son physique, par sa voix, par ses postures et par ses chants, par ces r\u00e9cits vivants, nous avons voyag\u00e9 dans la nature pr\u00e8s du chemin des viviers, puis dans des lieux insolites: la cellule des moines, la cuisine des chartreux et aussi le petit cloitre, chaque sc\u00e8ne enchant\u00e9e, nous \u00e9tions berc\u00e9es par cette musique des mots, parfois des rimes nous faisaient sourire aux fleurs, aux oiseaux!!Quelle agr\u00e9able balade, par un soir d&rsquo;\u00e9t\u00e9 magnifique, r\u00e9compensait notre fondatrice de cette belle <a rel=\"noreferrer noopener\" href=\"https:\/\/l.facebook.com\/l.php?u=http%3A%2F%2Fchartreuse.Et%2F%3Ffbclid%3DIwZXh0bgNhZW0CMTAAAR0u2mY27ljIV8dZ0TN70uXhYD6XiUy_XadjFOnfZg9kBt1A-NM9WTZkjWg_aem_BhS-i5q-GgaCLoMi7NO1Pw&amp;h=AT3QAEfk8tQRrDYmlu_zd5RS3HwUUYQSbw4n3wjwB6z5T1he-zmlN4zAm0anFQ-tQYvYVrBFk3P9ZY-U24YbS_FeU-XxWlHGC6ZROzayDBpvfa34HIHp_NXvv1vGu1pL0Ra16D1oTR_sT-LIUzYx&amp;__tn__=R%5d-R&amp;c%5b0%5d=AT3x2_r0naJoQ5kQR3zLRlxp9kKQVi_FQuPEsTsdTUPypM7XfCxVQ2c7bTDpqUFUIwjtPKSFJqJIDYIMeimt7e-PqjVlLXWmW0YBtqVpTZzia7urN856AGUYYoKCtI77d2eRPH0-0Rh_jh-6xnQliStCJQ\" target=\"_blank\">chartreuse. Et<\/a> tous les chartreux \u00e0 l&rsquo;\u0153uvre nuit et jour pour la PRI\u00c8RE. MERCI de tout c\u0153ur! \u00e0 une autre fois peut-\u00eatre au hasard de nos rencontres ici ou ailleurs.<\/p>\n\n\n\n<p>Marie-Fran\u00e7oise Siniatowiez le 15 Aout 2024 ( Dans le cadre des balades nocturnes durant l&rsquo;\u00e9t\u00e9 2024 avec l&rsquo;office de Tourisme de Sainte-Croix-en-Jarez).<\/p>\n\n\n\n<p><\/p>\n\n\n<p><!--EndFragment--><\/p>\n\n\n<figure class=\"wp-block-image size-large\"><img loading=\"lazy\" width=\"576\" height=\"1024\" src=\"http:\/\/contesdechorig.fr\/wp-content\/uploads\/2022\/04\/PHOTO-de-mon-livre-de-contes-576x1024.jpg\" alt=\"\" class=\"wp-image-949\" srcset=\"http:\/\/contesdechorig.fr\/wp-content\/uploads\/2022\/04\/PHOTO-de-mon-livre-de-contes-576x1024.jpg 576w, http:\/\/contesdechorig.fr\/wp-content\/uploads\/2022\/04\/PHOTO-de-mon-livre-de-contes-169x300.jpg 169w, http:\/\/contesdechorig.fr\/wp-content\/uploads\/2022\/04\/PHOTO-de-mon-livre-de-contes-768x1365.jpg 768w, http:\/\/contesdechorig.fr\/wp-content\/uploads\/2022\/04\/PHOTO-de-mon-livre-de-contes-864x1536.jpg 864w, http:\/\/contesdechorig.fr\/wp-content\/uploads\/2022\/04\/PHOTO-de-mon-livre-de-contes-1152x2048.jpg 1152w, http:\/\/contesdechorig.fr\/wp-content\/uploads\/2022\/04\/PHOTO-de-mon-livre-de-contes-scaled.jpg 1440w\" sizes=\"(max-width: 576px) 100vw, 576px\" \/><figcaption>\u00a0\u00bb Vous les arm\u00e9niens, vous \u00eates la plus grande civilisation du monde dans le public\u00a0\u00bb m&rsquo;a dit une dame aujourd&rsquo;hui au cours d&rsquo;une d\u00e9dicace de mon livre\u00a0\u00bb Je lui ai r\u00e9pondu ; \u00ab\u00a0Dans toutes les civilisations il y a des tr\u00e9sors\u00a0\u00bb Le jeudi 21 Avril 2022<\/figcaption><\/figure>\n","protected":false},"excerpt":{"rendered":"<p>Coucou mon amie l&rsquo;artiste! Toutes mes f\u00e9licitations pour cette \u00e9dition. Ton nom sera \u00e0 jamais grav\u00e9 dans nos m\u00e9moires. j&rsquo;ai commenc\u00e9 le premier conte qui est tr\u00e8s actuel avec le covid 19. Odile, le 9 Mai 2022&Prime; 1- Spectacle \u00ab Le Voyage de Mr CHENAVARD, Architecte lyonnais \u00bbAux Archives Municipales de Lyon (3 journ\u00e9es de [&hellip;]<\/p>\n","protected":false},"author":1,"featured_media":0,"parent":0,"menu_order":0,"comment_status":"closed","ping_status":"closed","template":"","meta":[],"_links":{"self":[{"href":"http:\/\/contesdechorig.fr\/index.php\/wp-json\/wp\/v2\/pages\/588"}],"collection":[{"href":"http:\/\/contesdechorig.fr\/index.php\/wp-json\/wp\/v2\/pages"}],"about":[{"href":"http:\/\/contesdechorig.fr\/index.php\/wp-json\/wp\/v2\/types\/page"}],"author":[{"embeddable":true,"href":"http:\/\/contesdechorig.fr\/index.php\/wp-json\/wp\/v2\/users\/1"}],"replies":[{"embeddable":true,"href":"http:\/\/contesdechorig.fr\/index.php\/wp-json\/wp\/v2\/comments?post=588"}],"version-history":[{"count":11,"href":"http:\/\/contesdechorig.fr\/index.php\/wp-json\/wp\/v2\/pages\/588\/revisions"}],"predecessor-version":[{"id":1109,"href":"http:\/\/contesdechorig.fr\/index.php\/wp-json\/wp\/v2\/pages\/588\/revisions\/1109"}],"wp:attachment":[{"href":"http:\/\/contesdechorig.fr\/index.php\/wp-json\/wp\/v2\/media?parent=588"}],"curies":[{"name":"wp","href":"https:\/\/api.w.org\/{rel}","templated":true}]}}