{"id":466,"date":"2019-06-29T10:47:07","date_gmt":"2019-06-29T09:47:07","guid":{"rendered":"http:\/\/contesdechorig.fr\/?page_id=466"},"modified":"2019-06-29T10:47:07","modified_gmt":"2019-06-29T09:47:07","slug":"les-balades-contees-2019","status":"publish","type":"page","link":"http:\/\/contesdechorig.fr\/index.php\/les-balades-contees-2019\/","title":{"rendered":"Les BALADES CONT\u00c9ES 2019"},"content":{"rendered":"<p>N.B.Nos Balades Cont\u00e9es ne sont jamais annul\u00e9es.<br \/>\nEn cas de pluie ou de canicule nous nous mettrons dans une salle.<br \/>\nPour la Balade cont\u00e9e d&rsquo;aujourd&rsquo;hui,notre Balade Cont\u00e9e \u00e0 Sorbiers se d\u00e9roulera de 18h \u00e0 19h au lieu de 16h \u00e0 17 dans le Parc Valjoli de Sorbiers.<br \/>\nPour les r\u00e9servations,appelez-moi au 06 23 69 47 81<\/p>\n","protected":false},"excerpt":{"rendered":"<p>N.B.Nos Balades Cont\u00e9es ne sont jamais annul\u00e9es. En cas de pluie ou de canicule nous nous mettrons dans une salle. Pour la Balade cont\u00e9e d&rsquo;aujourd&rsquo;hui,notre Balade Cont\u00e9e \u00e0 Sorbiers se d\u00e9roulera de 18h \u00e0 19h au lieu de 16h \u00e0 17 dans le Parc Valjoli de Sorbiers. Pour les r\u00e9servations,appelez-moi au 06 23 69 47 [&hellip;]<\/p>\n","protected":false},"author":1,"featured_media":0,"parent":0,"menu_order":0,"comment_status":"closed","ping_status":"closed","template":"","meta":[],"_links":{"self":[{"href":"http:\/\/contesdechorig.fr\/index.php\/wp-json\/wp\/v2\/pages\/466"}],"collection":[{"href":"http:\/\/contesdechorig.fr\/index.php\/wp-json\/wp\/v2\/pages"}],"about":[{"href":"http:\/\/contesdechorig.fr\/index.php\/wp-json\/wp\/v2\/types\/page"}],"author":[{"embeddable":true,"href":"http:\/\/contesdechorig.fr\/index.php\/wp-json\/wp\/v2\/users\/1"}],"replies":[{"embeddable":true,"href":"http:\/\/contesdechorig.fr\/index.php\/wp-json\/wp\/v2\/comments?post=466"}],"version-history":[{"count":1,"href":"http:\/\/contesdechorig.fr\/index.php\/wp-json\/wp\/v2\/pages\/466\/revisions"}],"predecessor-version":[{"id":467,"href":"http:\/\/contesdechorig.fr\/index.php\/wp-json\/wp\/v2\/pages\/466\/revisions\/467"}],"wp:attachment":[{"href":"http:\/\/contesdechorig.fr\/index.php\/wp-json\/wp\/v2\/media?parent=466"}],"curies":[{"name":"wp","href":"https:\/\/api.w.org\/{rel}","templated":true}]}}

Les BALADES CONTÉES 2019

<p>N.B.Nos Balades Contées ne sont jamais annulées.<br />
En cas de pluie ou de canicule nous nous mettrons dans une salle.<br />
Pour la Balade contée d&rsquo;aujourd&rsquo;hui,notre Balade Contée à Sorbiers se déroulera de 18h à 19h au lieu de 16h à 17 dans le Parc Valjoli de Sorbiers.<br />
Pour les réservations,appelez-moi au 06 23 69 47 81</p>

<p>N.B.Nos Balades Contées ne sont jamais annulées. En cas de pluie ou de canicule nous nous mettrons dans une salle. Pour la Balade contée d&rsquo;aujourd&rsquo;hui,notre Balade Contée à Sorbiers se déroulera de 18h à 19h au lieu de 16h à 17 dans le Parc Valjoli de Sorbiers. Pour les réservations,appelez-moi au 06 23 69 47 [&hellip;]</p>
