{"id":107,"date":"2016-10-22T06:51:48","date_gmt":"2016-10-22T05:51:48","guid":{"rendered":"http:\/\/contesdechorig.fr\/?page_id=107"},"modified":"2025-11-15T19:32:20","modified_gmt":"2025-11-15T18:32:20","slug":"spectacles","status":"publish","type":"page","link":"http:\/\/contesdechorig.fr\/index.php\/spectacles\/","title":{"rendered":"Spectacles"},"content":{"rendered":"<h1><strong>Les spectacles que nous vous proposons\u00a0:<\/strong><\/h1>\n<p><strong>1-<u>Pour le Public enfant:<\/u><\/strong><\/p>\n<ul>\n<li><strong><u>en cr\u00e8che<\/u><\/strong><strong> : <\/strong><\/li>\n<\/ul>\n<p><strong>\u00ab\u00a0<em>Les aventures de Fantario, l\u2019\u00e9l\u00e9phanteau<\/em> \u00bb<\/strong><\/p>\n<p><em><span style=\"font-family: 'Arial','sans-serif';\">Voici l\u2019histoire de\u00a0 Fantario:c\u2019est un \u00e9l\u00e9phanteau intelligent, et espi\u00e8gle\u00a0!<\/span><\/em><\/p>\n<p><em><span style=\"font-family: 'Arial','sans-serif';\">Depuis quand et pourquoi les \u00e9l\u00e9phants sont gris\u00a0?<\/span><\/em><\/p>\n<p><em><span style=\"font-family: 'Arial','sans-serif';\">Chorig raconte avec deux marionnettes d\u2019\u00e9l\u00e9phants (un noir et un blanc) l\u2019histoire de la famille \u00e9l\u00e9phant compos\u00e9s de Fantanto, Fantana et Fantario.<\/span><\/em><i><\/i><\/p>\n<p><em><span style=\"font-family: 'Arial','sans-serif';\">A travers \u00a0des \u00a0comptines chant\u00e9s et dans\u00e9s, Chorig nous transporte dans les aventures de Fantario l\u2019\u00e9l\u00e9phanteau.<\/span><\/em><\/p>\n<p><span style=\"font-family: 'Arial','sans-serif';\">Dur\u00e9e\u00a0: 30 minutes<\/span><\/p>\n<p><span style=\"font-family: 'Arial','sans-serif';\">Artiste\u00a0: Chorig YERAMIAN\u00a0; conteuse et metteur en sc\u00e8ne<\/span><\/p>\n<p><span style=\"font-family: 'Arial','sans-serif';\">Age\u00a0: \u00e0 partir d\u2019un an.<\/span><\/p>\n<p>Espace minimal: 3m\/2 m<\/p>\n<p>Mat\u00e9riel: Deux grosses marionnettes d&rsquo;\u00e9l\u00e9phants en tissu<\/p>\n<p>Nombre d&rsquo;enfants\u00a0 maximum:\u00a0 20\u00a0 personnes avec les \u00e9ducateurs.<\/p>\n<ul>\n<li><strong><em>N<\/em><\/strong><strong><em>ouveau Spectacle<\/em><\/strong><\/li>\n<\/ul>\n<p><strong><u><em>\u00ab\u00a0Quel doudou choisir ?\u00a0\u00bb<\/em><\/u><\/strong><\/p>\n<p>L\u2019homme s\u2019est mis \u00e0 fabriquer des outils pour \u00eatre heureux et il a fabriqu\u00e9 les \u00e9crans.<\/p>\n<p>C\u2019est \u00e0 travers deux petites marionnettes Dzarig et Pico que Chorig raconte\u00a0 le choix des doudous.<\/p>\n<p>Le spectacle se termine avec une chanson joyeuse!<\/p>\n<p>Dur\u00e9e\u00a0: 30 minutes<\/p>\n<p>Artiste\u00a0: auteure et conteuse<\/p>\n<p>Espace minimal\u00a0: 3m\/2<\/p>\n<p>Nombre minimum\u00a0: 20 enfants avec les \u00e9ducateurs<\/p>\n<p>Mat\u00e9riel : une boite de 42 cm de hauteur 60 cm de large, deux marionnettes Dzovig et Pico, deux paravents, deux tables et un CD de musique.<\/p>\n<ul>\n<li><strong><u>\u00c0 partir de 6 ans<\/u><\/strong><strong> : <\/strong><\/li>\n<\/ul>\n<p><em><strong>\u00ab Petit oiseau vole, vole, Petit oiseau vole haut<\/strong> <\/em>\u00bb<\/p>\n<p>C\u2019est un oiseau blanc mais ce n\u2019est pas une colombe.<br \/>\nIl comprend le langage des humains .L\u2019oiseau blanc guide le petit Thomas pour trouver la petite graine. Quelle est donc cette graine ? D\u2019o\u00f9 vient la graine\u2026<br \/>\nChorig r\u00e9pond \u00e0 toutes les interrogations que posent les enfants quand il faut planter la fleur, la plus belle fleur de l\u2019\u00eele&#8230;<br \/>\nDur\u00e9e : 45 minutes<br \/>\nEspace minimal: 3m\/2m<br \/>\nSonorisation n\u00e9cessaire si plus de 70 personnes.<br \/>\nGroupe 100 personnes (enfants, et parents)<\/p>\n<p><strong>2-<u>Pour tout public\u00a0:<\/u><\/strong><\/p>\n<p><em><strong>A- Ziclet le Roiltelet<\/strong><\/em><\/p>\n<p>Ziclet, le roitelet, le roi des oiseaux, arrive \u00e0 Ch\u00e2teauneuf dans la maison de B\u00e9atrix de Roussillon et lui demande de lui conter des histoires du pays du Gier.<\/p>\n<p>B\u00e9atrix est ravie et lui conte l\u2019histoire du Lys argent\u00e9 mais quand elle perd son \u00e9poux elle est tellement \u00e9branl\u00e9e qu\u2019elle n\u2019a plus envie de parler. Ziclet, le roitelet propose de l\u2019aider.<\/p>\n<p>Qui va parler dans un songe \u00e0 B\u00e9atrix et quel est le message de ce songe\u00a0? Si vous voulez connaitre la suite de mon histoire venez \u00e0 ma balade nocturne de Sainte-Croix-en-Jarez.<\/p>\n<p><em><strong><u>\u00a0B- \u00ab L\u2019Arm\u00e9nie mon merveilleux pays \u00bb<\/u><\/strong><\/em><\/p>\n<p>Chorig nous pr\u00e9sente plusieurs de ses contes qu\u2019elle a \u00e9crites au cours de belles rencontres en France et en Arm\u00e9nie dans son livre \u00ab Huit Contes Merveilleux d\u2019Arm\u00e9nie \u00bb \u00e9dition \u00e0 l\u2019Atelier du Grand Tetras.<\/p>\n<p>Au cours de ce spectacle nous d\u00e9couvrirons comment est n\u00e9 le doudouk, Comment les pri\u00e8res d\u2019une reine vont interc\u00e9der pour la gu\u00e9rison de son fils prince Avak porteur d\u2019un handicap.<\/p>\n<p>Nous d\u00e9couvrirons aussi d\u2019autres histoires de son livre ponctu\u00e9 de chants et de musiques par le doudouk.<\/p>\n<p>Dur\u00e9e\u00a0: 50 minutes le spectacle + 10 minutes de danses folkloriques<\/p>\n<p>Artistes\u00a0: Chorig Y\u00e9ramian, Auteure, metteur en sc\u00e8ne et conteuse<\/p>\n<p>Chris B\u00e9got, joueur de doudouk<\/p>\n<p>Public\u00a0: familial (enfant \u00e0 partir de 7 ans)<\/p>\n<ul>\n<li><strong><em>Nouveaux Spectacles pour tout public<\/em><\/strong><\/li>\n<\/ul>\n<p><strong>C- \u00ab<u>\u00a0De l\u2019Arche de No\u00e9 \u00e0 l\u2019Arm\u00e9nie\u00a0<\/u>\u00bb<\/strong><\/p>\n<p>Chorig d\u00e9marre ses histoires d\u00e8s la cr\u00e9ation du monde, puis elle nous conte l\u2019Arche de No\u00e9 qui a atterrit sur le mont Ararat. Elle nous raconte ensuite des histoires d\u2019Arm\u00e9nie qu\u2019elle a \u00e9crit dans son dernier livre de conte\u00a0: \u00ab\u00a0Huit contes Merveilleux d\u2019Arm\u00e9nie\u00a0\u00bb, le spectacle se termine joyeusement avec une danse de ses anc\u00eatres\u00a0!<\/p>\n<p><strong>3- <u>Pour les personnes \u00e2g\u00e9es<\/u>\u00a0:<\/strong><\/p>\n<p><strong><em>\u00a0\u00a0\u00a0 \u00ab\u00a0La plus Belle des fleurs\u00a0\u00bb<\/em><\/strong><\/p>\n<p>C\u2019est un oiseau blanc mais ce n\u2019est pas une colombe.<br \/>\nIl comprend le langage des humains. L\u2019oiseau blanc guide le petit Thomas pour trouver la petite graine. Quelle est donc cette graine ? D\u2019o\u00f9 vient la graine\u2026<br \/>\nChorig r\u00e9pond \u00e0 toutes les interrogations et \u00e0 la fin du spectacle chaque personne repart avec une jolie fleur !<br \/>\nDur\u00e9e : 45 minutes et Sonorisation n\u00e9cessaire si plus de 70 personnes.<\/p>\n<p><strong>4-<u>Balades Cont\u00e9es<\/u>\u00a0:<\/strong><\/p>\n<p><em><strong>A-<\/strong>Une balade cont\u00e9e entre chien et loup la conteuse Chorig Y\u00e9ramian plonge petits et grands dans <strong>l&rsquo;histoire de Popo le Crapaud<\/strong> parti de son pays ass\u00e9ch\u00e9 pour trouver l&rsquo;eau des \u00e9tangs for\u00e9ziens. Au cours de son p\u00e9riple, d&rsquo;\u00e9tonnantes rencontres l&rsquo;attendront&#8230; Apr\u00e8s avoir d\u00e9but\u00e9 en ext\u00e9rieur, et la nuit venue, l&rsquo;histoire se prolonge \u00e0 l&rsquo;int\u00e9rieur d\u2019une salle.<br \/>\nDur\u00e9e : une heure<br \/>\nPublic familial, enfants \u00e0 partir de 7 ans.\u00a0<\/em><\/p>\n<p>Groupe maximum: 50 personnes<\/p>\n<p><em><strong>B- <\/strong><strong>Au pied du grand\u00a0 ch\u00eane, Balades cont\u00e9es\u00a0 pour petits et grands<\/strong><strong>.<\/strong><\/em><\/p>\n<p><em>Dur\u00e9e: une heure<\/em><\/p>\n<p><em>Public familial, enfants \u00e0 partir de 2 ans.<\/em><\/p>\n<p><em>Groupe maximum: 30 personnes<\/em><\/p>\n<p>Tarif: nous contacter<\/p>\n<p><strong>5-<u> Spectacle en arm\u00e9nien occidental<\/u><\/strong><u>:<\/u><\/p>\n<p><strong><em>A-Grand-M\u00e8re Chouchanig <\/em><\/strong><strong><em>\u00ab\u00a0\u0544\u0565\u056e \u0574\u0561\u0575\u0580\u056b\u056f \u0547\u0578\u0582\u0577\u0561\u0576\u056b\u056f<\/em>\u00a0\u00bb<\/strong><\/p>\n<p>Chorig raconte son enfance entre le Liban et la Syrie en nous faisant partager les histoires transmises par sa grand-m\u00e8re Chouchanig qu\u2019elle voyait tous les \u00e9t\u00e9s dans les quartiers arm\u00e9niens de la ville d\u2019Alep.<\/p>\n<p>Dur\u00e9e\u00a0: 45 minutes<\/p>\n<p>Espace minimal: 4m\/3m<\/p>\n<p>Groupe d\u2019environ 100 personnes (enfants accompagn\u00e9s et parents)<\/p>\n<p>L\u00e9ger \u00e9clairage public souhait\u00e9e.<\/p>\n<p>Age: \u00e0 partir de 6 ans<\/p>\n<p><em><strong>B- Notre Perroquet <\/strong><\/em><strong>\u00ab\u00a0\u0544\u0565\u0580 \u0569\u0578\u0582\u0569\u0561\u056f\u0568\u00a0\u00bb<\/strong><\/p>\n<p>Notre perroquet polyglotte nous raconte, chante et danse des danses folkloriques arm\u00e9niennes.<\/p>\n<p>Dur\u00e9e\u00a0: 30 minutes<\/p>\n<p>Espace minimal: 4m\/3m<\/p>\n<p>Groupe d\u2019environ 100 personnes (enfants accompagn\u00e9s et parents)<\/p>\n<p>L\u00e9ger \u00e9clairage public souhait\u00e9e.<\/p>\n<p><u>Age<\/u>\u00a0: 3 \u00e0 6 ans<\/p>\n<p><strong><u>6-<em>Projet p\u00e9dagogique<\/em>:<\/u><\/strong><\/p>\n<p>-Atelier d&rsquo;\u00e9criture en vue d&rsquo;un livre<\/p>\n<p>&#8211; Atelier conte pour la mise en sc\u00e8ne d&rsquo;une histoire pour le spectacle de fin d&rsquo;Ann\u00e9e scolaire.<\/p>\n<p>Public vis\u00e9: \u00c9l\u00e9mentaire ,coll\u00e8ge et lyc\u00e9es.<\/p>\n<p>Dur\u00e9e d\u2019une s\u00e9ance p\u00e9dagogique : 1h<\/p>\n<p>Artiste : &#8211; Chorig,\u00a0 conteuse professionnelle, metteur en sc\u00e8ne, et formatrice<\/p>\n<p>Total d\u2019heure et Budget \u00e0 d\u00e9finir avec l&rsquo;\u00e9tablissement scolaire<\/p>\n<p>LA COMPAGNIE DES MILLE SOURCES a l\u2019agr\u00e9ment de l\u2019Inspection Acad\u00e9mique de la Loire depuis le 1er D\u00e9cembre 2015.<\/p>\n<p><strong>7-<em> <u>Pour les f\u00eates familiales<\/u><\/em><\/strong>:<\/p>\n<ul>\n<li>Anniversaires , Bapt\u00eames , Fian\u00e7ailles, Mariages, Retraites ou pour des retrouvailles entre amis!<\/li>\n<\/ul>\n","protected":false},"excerpt":{"rendered":"<p>Les spectacles que nous vous proposons\u00a0: 1-Pour le Public enfant: en cr\u00e8che : \u00ab\u00a0Les aventures de Fantario, l\u2019\u00e9l\u00e9phanteau \u00bb Voici l\u2019histoire de\u00a0 Fantario:c\u2019est un \u00e9l\u00e9phanteau intelligent, et espi\u00e8gle\u00a0! Depuis quand et pourquoi les \u00e9l\u00e9phants sont gris\u00a0? Chorig raconte avec deux marionnettes d\u2019\u00e9l\u00e9phants (un noir et un blanc) l\u2019histoire de la famille \u00e9l\u00e9phant compos\u00e9s de Fantanto, [&hellip;]<\/p>\n","protected":false},"author":1,"featured_media":0,"parent":0,"menu_order":0,"comment_status":"closed","ping_status":"closed","template":"","meta":[],"_links":{"self":[{"href":"http:\/\/contesdechorig.fr\/index.php\/wp-json\/wp\/v2\/pages\/107"}],"collection":[{"href":"http:\/\/contesdechorig.fr\/index.php\/wp-json\/wp\/v2\/pages"}],"about":[{"href":"http:\/\/contesdechorig.fr\/index.php\/wp-json\/wp\/v2\/types\/page"}],"author":[{"embeddable":true,"href":"http:\/\/contesdechorig.fr\/index.php\/wp-json\/wp\/v2\/users\/1"}],"replies":[{"embeddable":true,"href":"http:\/\/contesdechorig.fr\/index.php\/wp-json\/wp\/v2\/comments?post=107"}],"version-history":[{"count":77,"href":"http:\/\/contesdechorig.fr\/index.php\/wp-json\/wp\/v2\/pages\/107\/revisions"}],"predecessor-version":[{"id":1173,"href":"http:\/\/contesdechorig.fr\/index.php\/wp-json\/wp\/v2\/pages\/107\/revisions\/1173"}],"wp:attachment":[{"href":"http:\/\/contesdechorig.fr\/index.php\/wp-json\/wp\/v2\/media?parent=107"}],"curies":[{"name":"wp","href":"https:\/\/api.w.org\/{rel}","templated":true}]}}